{"id":2131,"date":"2026-04-28T17:33:22","date_gmt":"2026-04-28T17:33:22","guid":{"rendered":"https:\/\/lizguajardo.com\/?page_id=2131"},"modified":"2026-04-28T17:51:14","modified_gmt":"2026-04-28T17:51:14","slug":"editorial","status":"publish","type":"page","link":"https:\/\/lizguajardo.com\/index.php\/editorial\/","title":{"rendered":"Editorial"},"content":{"rendered":"\n<div class=\"wp-block-uagb-container uagb-block-0febb150 alignfull uagb-is-root-container\"><div class=\"uagb-container-inner-blocks-wrap\">\n<div class=\"wp-block-uagb-advanced-heading uagb-block-f044a3de\"><h2 class=\"uagb-heading-text\">Editorial<\/h2><p class=\"uagb-desc-text\">Maquillaje editorial para campa\u00f1as, sesiones de contenido, lookbooks y proyectos creativos.<\/p><\/div>\n\n\n\n<div class=\"wp-block-uagb-container uagb-block-4ce74246\">\n<div class=\"wp-block-uagb-container uagb-block-757634ff\">\n<div class=\"wp-block-uagb-image aligncenter uagb-block-f6766124 wp-block-uagb-image--layout-default wp-block-uagb-image--effect-static wp-block-uagb-image--align-center\"><figure class=\"wp-block-uagb-image__figure\"><img decoding=\"async\" srcset=\"https:\/\/lizguajardo.com\/wp-content\/uploads\/2026\/04\/20250823_jessamyn_beauty-aqua012-1-819x1024.jpg \" src=\"https:\/\/lizguajardo.com\/wp-content\/uploads\/2026\/04\/20250823_jessamyn_beauty-aqua012-1-819x1024.jpg\" alt=\"\" class=\"uag-image-2147\" title=\"\" loading=\"lazy\"\/><\/figure><\/div>\n<\/div>\n\n\n\n<div class=\"wp-block-uagb-container uagb-block-6483b358\">\n<div class=\"wp-block-uagb-image aligncenter uagb-block-334202a0 wp-block-uagb-image--layout-default wp-block-uagb-image--effect-static wp-block-uagb-image--align-center\"><figure class=\"wp-block-uagb-image__figure\"><img decoding=\"async\" srcset=\"https:\/\/lizguajardo.com\/wp-content\/uploads\/2026\/04\/1000243922_90c6d8aa0be6c1aec2f5199002fa3ff0-27_3_2025-7_34_42-p.m.-3-819x1024.jpg \" src=\"https:\/\/lizguajardo.com\/wp-content\/uploads\/2026\/04\/1000243922_90c6d8aa0be6c1aec2f5199002fa3ff0-27_3_2025-7_34_42-p.m.-3-819x1024.jpg\" alt=\"\" class=\"uag-image-2148\" title=\"\" loading=\"lazy\"\/><\/figure><\/div>\n<\/div>\n\n\n\n<div class=\"wp-block-uagb-container uagb-block-7779bbb8\">\n<div class=\"wp-block-uagb-image aligncenter uagb-block-59a87f60 wp-block-uagb-image--layout-default wp-block-uagb-image--effect-static wp-block-uagb-image--align-center\"><figure class=\"wp-block-uagb-image__figure\"><img decoding=\"async\" srcset=\"https:\/\/lizguajardo.com\/wp-content\/uploads\/2026\/04\/20250713_jessnzzr_lagallo3207985-1-683x1024.jpg \" src=\"https:\/\/lizguajardo.com\/wp-content\/uploads\/2026\/04\/20250713_jessnzzr_lagallo3207985-1-683x1024.jpg\" alt=\"\" class=\"uag-image-2149\" title=\"\" loading=\"lazy\"\/><\/figure><\/div>\n<\/div>\n\n\n\n<div class=\"wp-block-uagb-container uagb-block-9ecd3a47\">\n<div class=\"wp-block-uagb-image aligncenter uagb-block-2f7bbca1 wp-block-uagb-image--layout-default wp-block-uagb-image--effect-static wp-block-uagb-image--align-center\"><figure class=\"wp-block-uagb-image__figure\"><img decoding=\"async\" srcset=\"https:\/\/lizguajardo.com\/wp-content\/uploads\/2026\/04\/IMG-20260422-WA0061-819x1024.jpg \" src=\"https:\/\/lizguajardo.com\/wp-content\/uploads\/2026\/04\/IMG-20260422-WA0061-819x1024.jpg\" alt=\"\" class=\"uag-image-2150\" title=\"\" loading=\"lazy\"\/><\/figure><\/div>\n<\/div>\n\n\n\n<div class=\"wp-block-uagb-container uagb-block-ad223494\">\n<div class=\"wp-block-uagb-image aligncenter uagb-block-11d628e0 wp-block-uagb-image--layout-default wp-block-uagb-image--effect-static wp-block-uagb-image--align-center\"><figure class=\"wp-block-uagb-image__figure\"><img decoding=\"async\" srcset=\"https:\/\/lizguajardo.com\/wp-content\/uploads\/2026\/04\/1000367230_7770d4f76c75d41d8819c0785575c200-10_2_2026-12_56_21-p.m.-1-819x1024.jpg \" src=\"https:\/\/lizguajardo.com\/wp-content\/uploads\/2026\/04\/1000367230_7770d4f76c75d41d8819c0785575c200-10_2_2026-12_56_21-p.m.-1-819x1024.jpg\" alt=\"\" class=\"uag-image-2151\" title=\"\" loading=\"lazy\"\/><\/figure><\/div>\n<\/div>\n\n\n\n<div class=\"wp-block-uagb-container uagb-block-e25c53a8\">\n<div class=\"wp-block-uagb-image aligncenter uagb-block-375b70a2 wp-block-uagb-image--layout-default wp-block-uagb-image--effect-static wp-block-uagb-image--align-center\"><figure class=\"wp-block-uagb-image__figure\"><img decoding=\"async\" srcset=\"https:\/\/lizguajardo.com\/wp-content\/uploads\/2026\/04\/20250713_jessnzzr_lagallo3208140-683x1024.jpg \" src=\"https:\/\/lizguajardo.com\/wp-content\/uploads\/2026\/04\/20250713_jessnzzr_lagallo3208140-683x1024.jpg\" alt=\"\" class=\"uag-image-2154\" title=\"\" loading=\"lazy\"\/><\/figure><\/div>\n<\/div>\n\n\n\n<div class=\"wp-block-uagb-container uagb-block-67cf9be0\">\n<div class=\"wp-block-uagb-image aligncenter uagb-block-378b5e8e wp-block-uagb-image--layout-default wp-block-uagb-image--effect-static wp-block-uagb-image--align-center\"><figure class=\"wp-block-uagb-image__figure\"><img decoding=\"async\" srcset=\"https:\/\/lizguajardo.com\/wp-content\/uploads\/2026\/04\/1000348700_fb4f690978c8781bc925fb92ce563b64-10_2_2026-11_10_45-a.m.-1-819x1024.jpg \" src=\"https:\/\/lizguajardo.com\/wp-content\/uploads\/2026\/04\/1000348700_fb4f690978c8781bc925fb92ce563b64-10_2_2026-11_10_45-a.m.-1-819x1024.jpg\" alt=\"\" class=\"uag-image-2156\" title=\"\" loading=\"lazy\"\/><\/figure><\/div>\n<\/div>\n\n\n\n<div class=\"wp-block-uagb-container uagb-block-aa87a624\">\n<div class=\"wp-block-uagb-image aligncenter uagb-block-7ec62995 wp-block-uagb-image--layout-default wp-block-uagb-image--effect-static wp-block-uagb-image--align-center\"><figure class=\"wp-block-uagb-image__figure\"><img decoding=\"async\" srcset=\"https:\/\/lizguajardo.com\/wp-content\/uploads\/2026\/04\/1000367818_2f4f7a41eaf71cd85683282dd47e07e3-10_2_2026-3_36_45-p.m.-1-819x1024.jpg \" src=\"https:\/\/lizguajardo.com\/wp-content\/uploads\/2026\/04\/1000367818_2f4f7a41eaf71cd85683282dd47e07e3-10_2_2026-3_36_45-p.m.-1-819x1024.jpg\" alt=\"\" class=\"uag-image-2157\" title=\"\" loading=\"lazy\"\/><\/figure><\/div>\n<\/div>\n<\/div>\n\n\n\n<p class=\"has-text-align-center\">Incluye:<br>\u2022 Dise\u00f1o de look alineado al concepto<br>\u2022 Preparaci\u00f3n de piel enfocada en c\u00e1mara<br>\u2022 Trabajo en set y retoques<br>\u2022 Adaptaci\u00f3n a iluminaci\u00f3n y direcci\u00f3n del fot\u00f3grafo<br><br>Ideal para marcas de belleza, moda y creadores de contenido que buscan una imagen profesional.<\/p>\n<\/div><\/div>\n","protected":false},"excerpt":{"rendered":"","protected":false},"author":2,"featured_media":0,"parent":0,"menu_order":0,"comment_status":"closed","ping_status":"closed","template":"","meta":{"_uag_custom_page_level_css":"","site-sidebar-layout":"default","site-content-layout":"default","ast-global-header-display":"","ast-main-header-display":"","ast-hfb-above-header-display":"","ast-hfb-below-header-display":"","ast-hfb-mobile-header-display":"","site-post-title":"","ast-breadcrumbs-content":"","ast-featured-img":"","footer-sml-layout":"","theme-transparent-header-meta":"","adv-header-id-meta":"","stick-header-meta":"","header-above-stick-meta":"","header-main-stick-meta":"","header-below-stick-meta":""},"uagb_featured_image_src":{"full":false,"thumbnail":false,"medium":false,"medium_large":false,"large":false,"1536x1536":false,"2048x2048":false},"uagb_author_info":{"display_name":"Lizeth Guajardo","author_link":"https:\/\/lizguajardo.com\/index.php\/author\/lizguajardo\/"},"uagb_comment_info":0,"uagb_excerpt":null,"_links":{"self":[{"href":"https:\/\/lizguajardo.com\/index.php\/wp-json\/wp\/v2\/pages\/2131"}],"collection":[{"href":"https:\/\/lizguajardo.com\/index.php\/wp-json\/wp\/v2\/pages"}],"about":[{"href":"https:\/\/lizguajardo.com\/index.php\/wp-json\/wp\/v2\/types\/page"}],"author":[{"embeddable":true,"href":"https:\/\/lizguajardo.com\/index.php\/wp-json\/wp\/v2\/users\/2"}],"replies":[{"embeddable":true,"href":"https:\/\/lizguajardo.com\/index.php\/wp-json\/wp\/v2\/comments?post=2131"}],"version-history":[{"count":2,"href":"https:\/\/lizguajardo.com\/index.php\/wp-json\/wp\/v2\/pages\/2131\/revisions"}],"predecessor-version":[{"id":2158,"href":"https:\/\/lizguajardo.com\/index.php\/wp-json\/wp\/v2\/pages\/2131\/revisions\/2158"}],"wp:attachment":[{"href":"https:\/\/lizguajardo.com\/index.php\/wp-json\/wp\/v2\/media?parent=2131"}],"curies":[{"name":"wp","href":"https:\/\/api.w.org\/{rel}","templated":true}]}}